a prime number?
True
Is 85735759 composite?
False
Is 2739280079 prime?
True
Is 1076261086 composite?
True
Is 1617829987 prime?
True
Is 14426792167 composite?
True
Is 3479700449 a prime number?
False
Is 21063763321 composite?
False
Is 19180094797 a prime number?
True
Is 18030451 composite?
False
Is 487377281 a prime number?
False
Is 195477313 composite?
True
Is 2427044101 a prime number?
False
Is 2872648159 prime?
True
Is 269155797733 a composite number?
False
Is 1394065991 a composite number?
True
Is 2894592983 prime?
False
Is 735327293 a prime number?
True
Is 97917587 composite?
False
Is 1039270181 composite?
False
Is 3117886711 composite?
True
Is 12063423067 a composite number?
False
Is 96831312199 prime?
True
Is 2325188851 a composite number?
True
Is 2800689557 a prime number?
False
Is 1403654443 a composite number?
False
Is 22716213371 a composite number?
False
Is 6944246113 a composite number?
True
Is 1366904747 prime?
False
Is 429052051 a composite number?
True
Is 2499071863 composite?
True
Is 37488548969 a composite number?
False
Is 37546407781 a prime number?
False
Is 390158401 a prime number?
True
Is 24952567391 a composite number?
False
Is 2152370489 a composite number?
True
Is 5392460665 a prime number?
False
Is 4769719238 composite?
True
Is 228365549 prime?
True
Is 1648565873 a composite number?
False
Is 126152339 a composite number?
False
Is 1431409019 composite?
True
Is 170964967 prime?
True
Is 5035861151 a prime number?
False
Is 10210860743 composite?
False
Is 1777874963 a composite number?
False
Is 455472629 prime?
False
Is 13192605763 a prime number?
True
Is 304524967 a prime number?
True
Is 140555419 prime?
True
Is 178235098337 prime?
True
Is 3395956339 a prime number?
False
Is 6995200271 a prime number?
True
Is 4074611367 prime?
False
Is 4107871927 composite?
False
Is 525175705 a prime number?
False
Is 144621403 composite?
False
Is 1550338451 a composite number?
False
Is 67012057963 a composite number?
False
Is 2114904251 a prime number?
True
Is 23351689471 prime?
False
Is 1372350247 prime?
False
Is 11912309621 a prime number?
True
Is 336496057 a prime number?
False
Is 1446603643 a prime number?
True
Is 17098700051 composite?
False
Is 1159235411 a composite number?
False
Is 995529811 a composite number?
False
Is 23990860261 prime?
True
Is 18250961485 a prime number?
False
Is 830509409 prime?
True
Is 9657676463 a prime number?
False
Is 1033138087 a prime number?
False
Is 16982022011 prime?
True
Is 787633195 a composite number?
True
Is 9503359799 a composite number?
False
Is 6239881843 composite?
True
Is 2511985439 a composite number?
False
Is 8900032205 prime?
False
Is 21929413031 a prime number?
False
Is 2434457122 prime?
False
Is 17450662219 composite?
True
Is 64254247 prime?
False
Is 499158523 prime?
True
Is 523768582 a prime number?
False
Is 2600838893 a prime number?
True
Is 446906389 composite?
False
Is 2094473347 a composite number?
False
Is 4996761821 prime?
False
Is 376145837 composite?
False
Is 7547389877 a prime number?
True
Is 40837469389 prime?
True
Is 445473397 a composite number?
False
Is 367136213 a composite number?
False
Is 2035762051 a composite number?
False
Is 73916592181 a prime number?
True
Is 7110171281 a composite number?
True
Is 2336423951 prime?
False
Is 900171443 a prime number?
True
Is 2658418001 a prime number?
True
Is 8499392731 a composite number?
True
Is 9732608533 composite?
False
Is 8873961781 a prime number?
True
Is 1530495869 prime?
False
Is 449422579 a prime number?
True
Is 96981419 a prime number?
True
Is 202955911 a composite number?
True
Is 4626011659 prime?
True
Is 191380956137 a prime number?
False
Is 1543213739 prime?
True
Is 1948563803 a prime number?
True
Is 1963516699 composite?
False
Is 27256139329 composite?
False
Is 878290199 a prime number?
True
Is 1978589953 a prime number?
True
Is 16655201 composite?
True
Is 1661032021 prime?
False
Is 18602303 a prime number?
False
Is 57161914253 prime?
False
Is 36979693 a composite number?
False
Is 2552683139 composite?
True
Is 2356689493 composite?
True
Is 14681540234 a prime number?
False
Is 452264783 prime?
True
Is 41245729874 a composite number?
True
Is 3949188793 prime?
False
Is 1135095167 composite?
True
Is 2426542093 prime?
False
Is 198711797 prime?
False
Is 239568387 prime?
False
Is 9617867111 composite?
True
Is 14351477267 a composite number?
True
Is 49220388169 composite?
False
Is 8064115771 a prime number?
False
Is 5111473481 prime?
False
Is 1084067213 composite?
False
Is 3317552879 a composite number?
False
Is 46297030229 prime?
True
Is 1496650807 a prime number?
False
Is 24137920211 a prime number?
True
Is 126881858143 a composite number?
True
Is 752924171 a composite number?
True
Is 1113437783 a prime number?
True
Is 2433288799 a prime number?
True
Is 1050711811 a composite number?
False
Is 2011611911 a prime number?
True
Is 4584638827 prime?
True
Is 100520401973 prime?
False
Is 15511231283 prime?
True
Is 16946143919 a composite number?
False
Is 2630864707 a prime number?
True
Is 643829681 prime?
False
Is 2916779521 a prime number?
False
Is 38345953189 a prime number?
False
Is 11751030503 composite?
True
Is 1260477607 a prime number?
True
Is 39994158719 prime?
True
Is 19543573079 a prime number?
False
Is 2129814503 a composite number?
True
Is 38721987413 prime?
False
Is 371803313 a composite number?
True
Is 410386951 prime?
False
Is 7946782283 a prime number?
False
Is 102129119077 prime?
True
Is 1330758577 composite?
True
Is 1453141471 a prime number?
False
Is 1378523329 a composite number?
True
Is 71469591103 prime?
False
Is 21986988467 a prime number?
False
Is 903221491 a prime number?
True
Is 1886658593 a composite number?
True
Is 10267210887 prime?
False
Is 6663505309 a composite number?
True
Is 73990877 prime?
False
Is 105888897707 prime?
False
Is 8913644143 a prime number?
False
Is 2487364303 prime?
False
Is 185394317 a composite number?
False
Is 114277099 prime?
False
Is 27015727 composite?
False
Is 17975827651 composite?
True
Is 995711383 composite?
False
Is 4669194377 composite?
False
Is 22449928909 prime?
True
Is 1736917939 prime?
True
Is 101664346841 a prime number?
True
Is 848896057 composite?
False
Is 44052662443 a prime number?
False
Is 452545343 composite?
False
Is 16928358451 a prime number?
True
Is 227345551933 a composite number?
False
Is 2351008941 composite?
True
Is 2533617557 prime?
False
Is 6062046821 a composite number?
False
Is 34475074397 composite?
False
Is 24242767385 a prime number?
False
Is 66925253 a prime number?
True
Is 10676696909 a composite number?
False
Is 54401531 prime?
True
Is 1422187331 prime?
True
Is 251355739 a composite number?
False
Is 8262812501 a prime number?
False
Is 40337309 a composite number?
False
Is 152467223407 a prime number?
False
Is 539967442987 a composite number?
True
Is 5630809991 prime?
True
Is 1510080361 composite?
True
Is 193631917 a prime number?
False
Is 46030858169 a prime number?
True
Is 505448555 a composite number?
True
Is 2147700143 prime?
True
Is 2907276943 composite?
True
Is 551283893 a prime number?
True
Is 2950440419 composite?
True
Is 22342017157 a prime number?
False
Is 65788460483 prime?
False
Is 552570517 prime?
False
Is 16236417635 prime?
False
Is 1967552711 composite?
False
Is 7327441153 a composite number?
False
Is 963711097 a prime number?
False
Is 399376199 composite?
True
Is 13869556903 composite?
False
Is 39309591599 a prime number?
True
Is 52444359893 prime?
False
Is 7208841727 a prime number?
True
Is 462998639 composite?
False
Is 685820959 composite?
True
Is 2168635811 a composite number?
True
Is 3645779807 a prime number?
True
Is 466676701 composite?
False
Is 209523151 a prime number?
False
Is 3507881357 a composite number?
False
Is 9444572909 composite?
True
Is 15068166821 prime?
False
Is 715115879 a prime number?
False
Is 41179847531 prime?
True
Is 50971296133 composite?
False
Is 41111381 a prime number?
True
Is 64119389807 a prime number?
False
Is 15338251871 a prime number?
False
Is 13765595257 a composite number?
False
Is 2225878693 a prime number?
True
Is 1195847101 a prime number?
False
Is 4171019315 a prime number?
False
Is 132911185769 prime?
False
Is 306931091 prime?
False
Is 452653046 composite?
True
Is 741397885 a composit